{"id":306,"date":"2026-04-02T04:18:13","date_gmt":"2026-04-02T04:18:13","guid":{"rendered":"https:\/\/luonvuituoi.io.vn\/?post_type=product&#038;p=306"},"modified":"2026-04-02T04:21:11","modified_gmt":"2026-04-02T04:21:11","slug":"tui-tote-nu-louis-vuitton-lv-onthego-sao-chep","status":"publish","type":"product","link":"https:\/\/luonvuituoi.io.vn\/?product=tui-tote-nu-louis-vuitton-lv-onthego-sao-chep","title":{"rendered":"T\u00fai Tote N\u1eef Louis Vuitton LV OnTheGo (Sao ch\u00e9p)"},"content":{"rendered":"<p>&#8220;N\u1ebfu b\u1ea1n \u0111ang t\u00ecm ki\u1ebfm m\u1ed9t chi\u1ebfc<a href=\"https:\/\/vn.louisvuitton.com\/\"><strong>T\u00fai tote n\u1eef Louis Vuitton LV OnTheGo<\/strong><\/a> \u0111\u1eb3ng c\u1ea5p th\u00ec \u0111\u00e2y ch\u00ednh l\u00e0 l\u1ef1a ch\u1ecdn ho\u00e0n h\u1ea3o.&#8221;<\/p>\n<p><img loading=\"lazy\" decoding=\"async\" class=\"alignnone size-medium wp-image-202\" src=\"https:\/\/luonvuituoi.io.vn\/wp-content\/uploads\/2026\/03\/tui-tote-nu-louis-vuitton-lv-onthego-bb-m46839-mau-nau-66384f15ca556-06052024103133-300x300.webp\" alt=\"\" width=\"300\" height=\"300\" srcset=\"https:\/\/luonvuituoi.io.vn\/wp-content\/uploads\/2026\/03\/tui-tote-nu-louis-vuitton-lv-onthego-bb-m46839-mau-nau-66384f15ca556-06052024103133-300x300.webp 300w, https:\/\/luonvuituoi.io.vn\/wp-content\/uploads\/2026\/03\/tui-tote-nu-louis-vuitton-lv-onthego-bb-m46839-mau-nau-66384f15ca556-06052024103133-150x150.webp 150w, https:\/\/luonvuituoi.io.vn\/wp-content\/uploads\/2026\/03\/tui-tote-nu-louis-vuitton-lv-onthego-bb-m46839-mau-nau-66384f15ca556-06052024103133-768x768.webp 768w, https:\/\/luonvuituoi.io.vn\/wp-content\/uploads\/2026\/03\/tui-tote-nu-louis-vuitton-lv-onthego-bb-m46839-mau-nau-66384f15ca556-06052024103133-600x600.webp 600w, https:\/\/luonvuituoi.io.vn\/wp-content\/uploads\/2026\/03\/tui-tote-nu-louis-vuitton-lv-onthego-bb-m46839-mau-nau-66384f15ca556-06052024103133-100x100.webp 100w, https:\/\/luonvuituoi.io.vn\/wp-content\/uploads\/2026\/03\/tui-tote-nu-louis-vuitton-lv-onthego-bb-m46839-mau-nau-66384f15ca556-06052024103133.webp 900w\" sizes=\"auto, (max-width: 300px) 100vw, 300px\" \/><\/p>\n<h2 data-path-to-node=\"3\"><b data-path-to-node=\"3\" data-index-in-node=\"0\">Louis Vuitton OnTheGo \u2013 Bi\u1ec3u t\u01b0\u1ee3ng \u0111\u1eb3ng c\u1ea5p cho ph\u00e1i \u0111\u1eb9p.<\/b><\/h2>\n<p data-path-to-node=\"4\">N\u1ebfu b\u1ea1n \u0111ang t\u00ecm ki\u1ebfm m\u1ed9t chi\u1ebfc t\u00fai h\u1ed9i t\u1ee5 \u0111\u1ee7 s\u1ef1 sang tr\u1ecdng v\u00e0 ti\u1ec7n d\u1ee5ng. <b data-path-to-node=\"4\" data-index-in-node=\"74\">Louis Vuitton OnTheGo<\/b> ch\u00ednh l\u00e0 l\u1ef1a ch\u1ecdn ho\u00e0n h\u1ea3o. \u0110\u00e2y kh\u00f4ng ch\u1ec9 l\u00e0 m\u1ed9t ph\u1ee5 ki\u1ec7n th\u1eddi trang. M\u00e0 c\u00f2n l\u00e0 tuy\u00ean ng\u00f4n v\u1ec1 phong c\u00e1ch s\u1ed1ng c\u1ee7a ng\u01b0\u1eddi ph\u1ee5 n\u1eef hi\u1ec7n \u0111\u1ea1i.<\/p>\n<h3 data-path-to-node=\"5\"><b data-path-to-node=\"5\" data-index-in-node=\"0\">T\u1ea1i sao b\u1ea1n n\u00ean s\u1edf h\u1eefu t\u00fai LV OnTheGo?<\/b><\/h3>\n<ul data-path-to-node=\"6\">\n<li>\n<p data-path-to-node=\"6,0,0\"><b data-path-to-node=\"6,0,0\" data-index-in-node=\"0\">Thi\u1ebft k\u1ebf kinh \u0111i\u1ec3n:<\/b> H\u1ecda ti\u1ebft Monogram Giant \u0111\u1eb7c tr\u01b0ng \u0111\u1ea7y t\u00e1o b\u1ea1o v\u00e0 quy\u1ec1n l\u1ef1c.<\/p>\n<\/li>\n<li>\n<p data-path-to-node=\"6,1,0\"><b data-path-to-node=\"6,1,0\" data-index-in-node=\"0\">Kh\u00f4ng gian r\u1ed9ng r\u00e3i:<\/b> D\u1ec5 d\u00e0ng \u0111\u1ef1ng v\u1eeba laptop, t\u00e0i li\u1ec7u v\u00e0 m\u1ecdi v\u1eadt d\u1ee5ng c\u00e1 nh\u00e2n thi\u1ebft y\u1ebfu.<\/p>\n<\/li>\n<li>\n<p data-path-to-node=\"6,2,0\"><b data-path-to-node=\"6,2,0\" data-index-in-node=\"0\">T\u00ednh linh ho\u1ea1t cao:<\/b> T\u00edch h\u1ee3p c\u1ea3 tay c\u1ea7m v\u00e0 d\u00e2y \u0111eo vai, gi\u00fap b\u1ea1n thay \u0111\u1ed5i phong c\u00e1ch t\u1eeb c\u00f4ng s\u1edf \u0111\u1ebfn d\u1ea1o ph\u1ed1 ch\u1ec9 trong t\u00edch t\u1eafc.<\/p>\n<\/li>\n<\/ul>\n<h3 data-path-to-node=\"7\"><b data-path-to-node=\"7\" data-index-in-node=\"0\">Ch\u1ea5t l\u01b0\u1ee3ng \u0111\u1ec9nh cao t\u1eeb nh\u00e0 Louis Vuitton<\/b><\/h3>\n<p data-path-to-node=\"8\">M\u1ed7i chi\u1ebfc t\u00fai \u0111\u1ec1u \u0111\u01b0\u1ee3c ch\u1ebf t\u00e1c t\u1ec9 m\u1ec9 t\u1eeb nh\u1eefng d\u1ea3i canvas v\u00e0 da cao c\u1ea5p nh\u1ea5t. V\u1edbi \u0111\u1ed9 b\u1ec1n v\u01b0\u1ee3t th\u1eddi gian, \u0111\u00e2y l\u00e0 m\u1ed9t kho\u1ea3n \u0111\u1ea7u t\u01b0 x\u1ee9ng \u0111\u00e1ng cho t\u1ee7 \u0111\u1ed3 c\u1ee7a b\u1ea5t k\u1ef3 qu\u00fd c\u00f4 n\u00e0o.<\/p>\n<blockquote data-path-to-node=\"9\">\n<p data-path-to-node=\"9,0\"><b data-path-to-node=\"9,0\" data-index-in-node=\"0\">Kh\u00e1m ph\u00e1 ngay t\u1ea1i:<\/b> <a class=\"ng-star-inserted\" href=\"https:\/\/luonvuituoi.io.vn\" target=\"_blank\" rel=\"noopener\" data-hveid=\"0\" data-ved=\"0CAAQ_4QMahcKEwiwkqDkpc6TAxUAAAAAHQAAAAAQVA\">luonvuituoi.io.vn<\/a> \u0111\u1ec3 nh\u1eadn \u01b0u \u0111\u00e3i h\u1ea5p d\u1eabn nh\u1ea5t!<\/p>\n<\/blockquote>\n<h2 data-path-to-node=\"3\"><b data-path-to-node=\"3\" data-index-in-node=\"0\">Louis Vuitton OnTheGo \u2013 Bi\u1ec3u t\u01b0\u1ee3ng \u0111\u1eb3ng c\u1ea5p cho ph\u00e1i \u0111\u1eb9p<\/b><\/h2>\n<p data-path-to-node=\"4\">N\u1ebfu b\u1ea1n \u0111ang t\u00ecm ki\u1ebfm m\u1ed9t chi\u1ebfc t\u00fai h\u1ed9i t\u1ee5 \u0111\u1ee7 s\u1ef1 sang tr\u1ecdng v\u00e0 ti\u1ec7n d\u1ee5ng. <b data-path-to-node=\"4\" data-index-in-node=\"74\">Louis Vuitton OnTheGo<\/b> ch\u00ednh l\u00e0 l\u1ef1a ch\u1ecdn ho\u00e0n h\u1ea3o. \u0110\u00e2y kh\u00f4ng ch\u1ec9 l\u00e0 m\u1ed9t ph\u1ee5 ki\u1ec7n th\u1eddi trang.M\u00e0 c\u00f2n l\u00e0 tuy\u00ean ng\u00f4n v\u1ec1 phong c\u00e1ch s\u1ed1ng c\u1ee7a ng\u01b0\u1eddi ph\u1ee5 n\u1eef hi\u1ec7n \u0111\u1ea1i.<\/p>\n<h3 data-path-to-node=\"5\"><b data-path-to-node=\"5\" data-index-in-node=\"0\">T\u1ea1i sao b\u1ea1n n\u00ean s\u1edf h\u1eefu t\u00fai LV OnTheGo?<\/b><\/h3>\n<ul data-path-to-node=\"6\">\n<li>\n<p data-path-to-node=\"6,0,0\"><b data-path-to-node=\"6,0,0\" data-index-in-node=\"0\">Thi\u1ebft k\u1ebf kinh \u0111i\u1ec3n:<\/b> H\u1ecda ti\u1ebft Monogram Giant \u0111\u1eb7c tr\u01b0ng \u0111\u1ea7y t\u00e1o b\u1ea1o v\u00e0 quy\u1ec1n l\u1ef1c.<\/p>\n<\/li>\n<li>\n<p data-path-to-node=\"6,1,0\"><b data-path-to-node=\"6,1,0\" data-index-in-node=\"0\">Kh\u00f4ng gian r\u1ed9ng r\u00e3i:<\/b> D\u1ec5 d\u00e0ng \u0111\u1ef1ng v\u1eeba laptop, t\u00e0i li\u1ec7u v\u00e0 m\u1ecdi v\u1eadt d\u1ee5ng c\u00e1 nh\u00e2n thi\u1ebft y\u1ebfu.<\/p>\n<\/li>\n<li>\n<p data-path-to-node=\"6,2,0\"><b data-path-to-node=\"6,2,0\" data-index-in-node=\"0\">T\u00ednh linh ho\u1ea1t cao:<\/b> T\u00edch h\u1ee3p c\u1ea3 tay c\u1ea7m v\u00e0 d\u00e2y \u0111eo vai, gi\u00fap b\u1ea1n thay \u0111\u1ed5i phong c\u00e1ch t\u1eeb c\u00f4ng s\u1edf \u0111\u1ebfn d\u1ea1o ph\u1ed1 ch\u1ec9 trong t\u00edch t\u1eafc.<\/p>\n<\/li>\n<\/ul>\n<h3 data-path-to-node=\"7\"><b data-path-to-node=\"7\" data-index-in-node=\"0\">Ch\u1ea5t l\u01b0\u1ee3ng \u0111\u1ec9nh cao t\u1eeb nh\u00e0 Louis Vuitton.<\/b><\/h3>\n<p data-path-to-node=\"8\">M\u1ed7i chi\u1ebfc t\u00fai \u0111\u1ec1u \u0111\u01b0\u1ee3c ch\u1ebf t\u00e1c t\u1ec9 m\u1ec9 t\u1eeb nh\u1eefng d\u1ea3i canvas v\u00e0 da cao c\u1ea5p nh\u1ea5t. V\u1edbi \u0111\u1ed9 b\u1ec1n v\u01b0\u1ee3t th\u1eddi gian, \u0111\u00e2y l\u00e0 m\u1ed9t kho\u1ea3n \u0111\u1ea7u t\u01b0 x\u1ee9ng \u0111\u00e1ng cho t\u1ee7 \u0111\u1ed3 c\u1ee7a b\u1ea5t k\u1ef3 qu\u00fd c\u00f4 n\u00e0o.<\/p>\n<blockquote data-path-to-node=\"9\">\n<p data-path-to-node=\"9,0\"><b data-path-to-node=\"9,0\" data-index-in-node=\"0\">Kh\u00e1m ph\u00e1 ngay t\u1ea1i:<\/b> <a class=\"ng-star-inserted\" href=\"https:\/\/luonvuituoi.io.vn\" target=\"_blank\" rel=\"noopener\" data-hveid=\"0\" data-ved=\"0CAAQ_4QMahcKEwiwkqDkpc6TAxUAAAAAHQAAAAAQVA\">luonvuituoi.io.vn<\/a> \u0111\u1ec3 nh\u1eadn \u01b0u \u0111\u00e3i h\u1ea5p d\u1eabn nh\u1ea5t!<\/p>\n<\/blockquote>\n","protected":false},"excerpt":{"rendered":"<p>&#8220;N\u1ebfu b\u1ea1n \u0111ang t\u00ecm ki\u1ebfm m\u1ed9t chi\u1ebfcT\u00fai tote n\u1eef Louis Vuitton LV OnTheGo \u0111\u1eb3ng c\u1ea5p th\u00ec \u0111\u00e2y ch\u00ednh l\u00e0 l\u1ef1a ch\u1ecdn ho\u00e0n h\u1ea3o.&#8221; Louis Vuitton OnTheGo \u2013 Bi\u1ec3u t\u01b0\u1ee3ng \u0111\u1eb3ng c\u1ea5p cho ph\u00e1i \u0111\u1eb9p. N\u1ebfu b\u1ea1n \u0111ang t\u00ecm ki\u1ebfm m\u1ed9t chi\u1ebfc t\u00fai h\u1ed9i t\u1ee5 \u0111\u1ee7 s\u1ef1 sang tr\u1ecdng v\u00e0 ti\u1ec7n d\u1ee5ng. Louis Vuitton OnTheGo ch\u00ednh [&hellip;]<\/p>\n","protected":false},"featured_media":202,"comment_status":"open","ping_status":"closed","template":"","meta":{"_exactmetrics_skip_tracking":false,"_exactmetrics_sitenote_active":false,"_exactmetrics_sitenote_note":"","_exactmetrics_sitenote_category":0,"_monsterinsights_skip_tracking":false,"_monsterinsights_sitenote_active":false,"_monsterinsights_sitenote_note":"","_monsterinsights_sitenote_category":0},"product_brand":[],"product_cat":[17],"product_tag":[],"class_list":{"0":"post-306","1":"product","2":"type-product","3":"status-publish","4":"has-post-thumbnail","6":"product_cat-chua-phan-loai","8":"first","9":"instock","10":"sale","11":"taxable","12":"shipping-taxable","13":"purchasable","14":"product-type-simple"},"yoast_head":"<!-- This site is optimized with the Yoast SEO plugin v27.4 - https:\/\/yoast.com\/product\/yoast-seo-wordpress\/ -->\n<title>T\u00fai Tote N\u1eef Louis Vuitton LV OnTheGo (Sao ch\u00e9p) - Lu\u00f4n Vui T\u01b0\u01a1i<\/title>\n<meta name=\"description\" content=\"Kh\u00e1m ph\u00e1 t\u00fai LV OnTheGo BB v\u1edbi thi\u1ebft k\u1ebf sang tr\u1ecdng, ch\u1ea5t li\u1ec7u cao c\u1ea5p, ph\u00f9 h\u1ee3p m\u1ecdi phong c\u00e1ch th\u1eddi trang v\u00e0 sang tr\u1ecdng. (siuuu)\" \/>\n<meta name=\"robots\" content=\"index, follow, max-snippet:-1, max-image-preview:large, max-video-preview:-1\" \/>\n<link rel=\"canonical\" href=\"https:\/\/luonvuituoi.io.vn\/?product=tui-tote-nu-louis-vuitton-lv-onthego-sao-chep\" \/>\n<meta property=\"og:locale\" content=\"vi_VN\" \/>\n<meta property=\"og:type\" content=\"article\" \/>\n<meta property=\"og:title\" content=\"T\u00fai Tote N\u1eef Louis Vuitton LV OnTheGo (Sao ch\u00e9p) - Lu\u00f4n Vui T\u01b0\u01a1i\" \/>\n<meta property=\"og:description\" content=\"Kh\u00e1m ph\u00e1 t\u00fai LV OnTheGo BB v\u1edbi thi\u1ebft k\u1ebf sang tr\u1ecdng, ch\u1ea5t li\u1ec7u cao c\u1ea5p, ph\u00f9 h\u1ee3p m\u1ecdi phong c\u00e1ch th\u1eddi trang v\u00e0 sang tr\u1ecdng. (siuuu)\" \/>\n<meta property=\"og:url\" content=\"https:\/\/luonvuituoi.io.vn\/?product=tui-tote-nu-louis-vuitton-lv-onthego-sao-chep\" \/>\n<meta property=\"og:site_name\" content=\"Lu\u00f4n Vui T\u01b0\u01a1i\" \/>\n<meta property=\"article:modified_time\" content=\"2026-04-02T04:21:11+00:00\" \/>\n<meta property=\"og:image\" content=\"https:\/\/luonvuituoi.io.vn\/wp-content\/uploads\/2026\/03\/tui-tote-nu-louis-vuitton-lv-onthego-bb-m46839-mau-nau-66384f15ca556-06052024103133.webp\" \/>\n\t<meta property=\"og:image:width\" content=\"900\" \/>\n\t<meta property=\"og:image:height\" content=\"900\" \/>\n\t<meta property=\"og:image:type\" content=\"image\/webp\" \/>\n<meta name=\"twitter:card\" content=\"summary_large_image\" \/>\n<meta name=\"twitter:label1\" content=\"\u01af\u1edbc t\u00ednh th\u1eddi gian \u0111\u1ecdc\" \/>\n\t<meta name=\"twitter:data1\" content=\"3 ph\u00fat\" \/>\n<script type=\"application\/ld+json\" class=\"yoast-schema-graph\">{\"@context\":\"https:\\\/\\\/schema.org\",\"@graph\":[{\"@type\":\"WebPage\",\"@id\":\"https:\\\/\\\/luonvuituoi.io.vn\\\/?product=tui-tote-nu-louis-vuitton-lv-onthego-sao-chep\",\"url\":\"https:\\\/\\\/luonvuituoi.io.vn\\\/?product=tui-tote-nu-louis-vuitton-lv-onthego-sao-chep\",\"name\":\"T\u00fai Tote N\u1eef Louis Vuitton LV OnTheGo (Sao ch\u00e9p) - Lu\u00f4n Vui T\u01b0\u01a1i\",\"isPartOf\":{\"@id\":\"https:\\\/\\\/luonvuituoi.io.vn\\\/#website\"},\"primaryImageOfPage\":{\"@id\":\"https:\\\/\\\/luonvuituoi.io.vn\\\/?product=tui-tote-nu-louis-vuitton-lv-onthego-sao-chep#primaryimage\"},\"image\":{\"@id\":\"https:\\\/\\\/luonvuituoi.io.vn\\\/?product=tui-tote-nu-louis-vuitton-lv-onthego-sao-chep#primaryimage\"},\"thumbnailUrl\":\"https:\\\/\\\/luonvuituoi.io.vn\\\/wp-content\\\/uploads\\\/2026\\\/03\\\/tui-tote-nu-louis-vuitton-lv-onthego-bb-m46839-mau-nau-66384f15ca556-06052024103133.webp\",\"datePublished\":\"2026-04-02T04:18:13+00:00\",\"dateModified\":\"2026-04-02T04:21:11+00:00\",\"description\":\"Kh\u00e1m ph\u00e1 t\u00fai LV OnTheGo BB v\u1edbi thi\u1ebft k\u1ebf sang tr\u1ecdng, ch\u1ea5t li\u1ec7u cao c\u1ea5p, ph\u00f9 h\u1ee3p m\u1ecdi phong c\u00e1ch th\u1eddi trang v\u00e0 sang tr\u1ecdng. (siuuu)\",\"breadcrumb\":{\"@id\":\"https:\\\/\\\/luonvuituoi.io.vn\\\/?product=tui-tote-nu-louis-vuitton-lv-onthego-sao-chep#breadcrumb\"},\"inLanguage\":\"vi\",\"potentialAction\":[{\"@type\":\"ReadAction\",\"target\":[\"https:\\\/\\\/luonvuituoi.io.vn\\\/?product=tui-tote-nu-louis-vuitton-lv-onthego-sao-chep\"]}]},{\"@type\":\"ImageObject\",\"inLanguage\":\"vi\",\"@id\":\"https:\\\/\\\/luonvuituoi.io.vn\\\/?product=tui-tote-nu-louis-vuitton-lv-onthego-sao-chep#primaryimage\",\"url\":\"https:\\\/\\\/luonvuituoi.io.vn\\\/wp-content\\\/uploads\\\/2026\\\/03\\\/tui-tote-nu-louis-vuitton-lv-onthego-bb-m46839-mau-nau-66384f15ca556-06052024103133.webp\",\"contentUrl\":\"https:\\\/\\\/luonvuituoi.io.vn\\\/wp-content\\\/uploads\\\/2026\\\/03\\\/tui-tote-nu-louis-vuitton-lv-onthego-bb-m46839-mau-nau-66384f15ca556-06052024103133.webp\",\"width\":900,\"height\":900},{\"@type\":\"BreadcrumbList\",\"@id\":\"https:\\\/\\\/luonvuituoi.io.vn\\\/?product=tui-tote-nu-louis-vuitton-lv-onthego-sao-chep#breadcrumb\",\"itemListElement\":[{\"@type\":\"ListItem\",\"position\":1,\"name\":\"Trang ch\u1ee7\",\"item\":\"https:\\\/\\\/luonvuituoi.io.vn\\\/\"},{\"@type\":\"ListItem\",\"position\":2,\"name\":\"C\u1eeda h\u00e0ng\",\"item\":\"https:\\\/\\\/luonvuituoi.io.vn\\\/?page_id=29\"},{\"@type\":\"ListItem\",\"position\":3,\"name\":\"T\u00fai Tote N\u1eef Louis Vuitton LV OnTheGo (Sao ch\u00e9p)\"}]},{\"@type\":\"WebSite\",\"@id\":\"https:\\\/\\\/luonvuituoi.io.vn\\\/#website\",\"url\":\"https:\\\/\\\/luonvuituoi.io.vn\\\/\",\"name\":\"Lu\u00f4n Vui T\u01b0\u01a1i\",\"description\":\"\",\"publisher\":{\"@id\":\"https:\\\/\\\/luonvuituoi.io.vn\\\/#organization\"},\"potentialAction\":[{\"@type\":\"SearchAction\",\"target\":{\"@type\":\"EntryPoint\",\"urlTemplate\":\"https:\\\/\\\/luonvuituoi.io.vn\\\/?s={search_term_string}\"},\"query-input\":{\"@type\":\"PropertyValueSpecification\",\"valueRequired\":true,\"valueName\":\"search_term_string\"}}],\"inLanguage\":\"vi\"},{\"@type\":\"Organization\",\"@id\":\"https:\\\/\\\/luonvuituoi.io.vn\\\/#organization\",\"name\":\"Lu\u00f4n Vui T\u01b0\u01a1i\",\"url\":\"https:\\\/\\\/luonvuituoi.io.vn\\\/\",\"logo\":{\"@type\":\"ImageObject\",\"inLanguage\":\"vi\",\"@id\":\"https:\\\/\\\/luonvuituoi.io.vn\\\/#\\\/schema\\\/logo\\\/image\\\/\",\"url\":\"https:\\\/\\\/luonvuituoi.io.vn\\\/wp-content\\\/uploads\\\/2026\\\/03\\\/image-removebg-preview-7.png\",\"contentUrl\":\"https:\\\/\\\/luonvuituoi.io.vn\\\/wp-content\\\/uploads\\\/2026\\\/03\\\/image-removebg-preview-7.png\",\"width\":500,\"height\":500,\"caption\":\"Lu\u00f4n Vui T\u01b0\u01a1i\"},\"image\":{\"@id\":\"https:\\\/\\\/luonvuituoi.io.vn\\\/#\\\/schema\\\/logo\\\/image\\\/\"}}]}<\/script>\n<!-- \/ Yoast SEO plugin. -->","yoast_head_json":{"title":"T\u00fai Tote N\u1eef Louis Vuitton LV OnTheGo (Sao ch\u00e9p) - Lu\u00f4n Vui T\u01b0\u01a1i","description":"Kh\u00e1m ph\u00e1 t\u00fai LV OnTheGo BB v\u1edbi thi\u1ebft k\u1ebf sang tr\u1ecdng, ch\u1ea5t li\u1ec7u cao c\u1ea5p, ph\u00f9 h\u1ee3p m\u1ecdi phong c\u00e1ch th\u1eddi trang v\u00e0 sang tr\u1ecdng. (siuuu)","robots":{"index":"index","follow":"follow","max-snippet":"max-snippet:-1","max-image-preview":"max-image-preview:large","max-video-preview":"max-video-preview:-1"},"canonical":"https:\/\/luonvuituoi.io.vn\/?product=tui-tote-nu-louis-vuitton-lv-onthego-sao-chep","og_locale":"vi_VN","og_type":"article","og_title":"T\u00fai Tote N\u1eef Louis Vuitton LV OnTheGo (Sao ch\u00e9p) - Lu\u00f4n Vui T\u01b0\u01a1i","og_description":"Kh\u00e1m ph\u00e1 t\u00fai LV OnTheGo BB v\u1edbi thi\u1ebft k\u1ebf sang tr\u1ecdng, ch\u1ea5t li\u1ec7u cao c\u1ea5p, ph\u00f9 h\u1ee3p m\u1ecdi phong c\u00e1ch th\u1eddi trang v\u00e0 sang tr\u1ecdng. (siuuu)","og_url":"https:\/\/luonvuituoi.io.vn\/?product=tui-tote-nu-louis-vuitton-lv-onthego-sao-chep","og_site_name":"Lu\u00f4n Vui T\u01b0\u01a1i","article_modified_time":"2026-04-02T04:21:11+00:00","og_image":[{"width":900,"height":900,"url":"https:\/\/luonvuituoi.io.vn\/wp-content\/uploads\/2026\/03\/tui-tote-nu-louis-vuitton-lv-onthego-bb-m46839-mau-nau-66384f15ca556-06052024103133.webp","type":"image\/webp"}],"twitter_card":"summary_large_image","twitter_misc":{"\u01af\u1edbc t\u00ednh th\u1eddi gian \u0111\u1ecdc":"3 ph\u00fat"},"schema":{"@context":"https:\/\/schema.org","@graph":[{"@type":"WebPage","@id":"https:\/\/luonvuituoi.io.vn\/?product=tui-tote-nu-louis-vuitton-lv-onthego-sao-chep","url":"https:\/\/luonvuituoi.io.vn\/?product=tui-tote-nu-louis-vuitton-lv-onthego-sao-chep","name":"T\u00fai Tote N\u1eef Louis Vuitton LV OnTheGo (Sao ch\u00e9p) - Lu\u00f4n Vui T\u01b0\u01a1i","isPartOf":{"@id":"https:\/\/luonvuituoi.io.vn\/#website"},"primaryImageOfPage":{"@id":"https:\/\/luonvuituoi.io.vn\/?product=tui-tote-nu-louis-vuitton-lv-onthego-sao-chep#primaryimage"},"image":{"@id":"https:\/\/luonvuituoi.io.vn\/?product=tui-tote-nu-louis-vuitton-lv-onthego-sao-chep#primaryimage"},"thumbnailUrl":"https:\/\/luonvuituoi.io.vn\/wp-content\/uploads\/2026\/03\/tui-tote-nu-louis-vuitton-lv-onthego-bb-m46839-mau-nau-66384f15ca556-06052024103133.webp","datePublished":"2026-04-02T04:18:13+00:00","dateModified":"2026-04-02T04:21:11+00:00","description":"Kh\u00e1m ph\u00e1 t\u00fai LV OnTheGo BB v\u1edbi thi\u1ebft k\u1ebf sang tr\u1ecdng, ch\u1ea5t li\u1ec7u cao c\u1ea5p, ph\u00f9 h\u1ee3p m\u1ecdi phong c\u00e1ch th\u1eddi trang v\u00e0 sang tr\u1ecdng. (siuuu)","breadcrumb":{"@id":"https:\/\/luonvuituoi.io.vn\/?product=tui-tote-nu-louis-vuitton-lv-onthego-sao-chep#breadcrumb"},"inLanguage":"vi","potentialAction":[{"@type":"ReadAction","target":["https:\/\/luonvuituoi.io.vn\/?product=tui-tote-nu-louis-vuitton-lv-onthego-sao-chep"]}]},{"@type":"ImageObject","inLanguage":"vi","@id":"https:\/\/luonvuituoi.io.vn\/?product=tui-tote-nu-louis-vuitton-lv-onthego-sao-chep#primaryimage","url":"https:\/\/luonvuituoi.io.vn\/wp-content\/uploads\/2026\/03\/tui-tote-nu-louis-vuitton-lv-onthego-bb-m46839-mau-nau-66384f15ca556-06052024103133.webp","contentUrl":"https:\/\/luonvuituoi.io.vn\/wp-content\/uploads\/2026\/03\/tui-tote-nu-louis-vuitton-lv-onthego-bb-m46839-mau-nau-66384f15ca556-06052024103133.webp","width":900,"height":900},{"@type":"BreadcrumbList","@id":"https:\/\/luonvuituoi.io.vn\/?product=tui-tote-nu-louis-vuitton-lv-onthego-sao-chep#breadcrumb","itemListElement":[{"@type":"ListItem","position":1,"name":"Trang ch\u1ee7","item":"https:\/\/luonvuituoi.io.vn\/"},{"@type":"ListItem","position":2,"name":"C\u1eeda h\u00e0ng","item":"https:\/\/luonvuituoi.io.vn\/?page_id=29"},{"@type":"ListItem","position":3,"name":"T\u00fai Tote N\u1eef Louis Vuitton LV OnTheGo (Sao ch\u00e9p)"}]},{"@type":"WebSite","@id":"https:\/\/luonvuituoi.io.vn\/#website","url":"https:\/\/luonvuituoi.io.vn\/","name":"Lu\u00f4n Vui T\u01b0\u01a1i","description":"","publisher":{"@id":"https:\/\/luonvuituoi.io.vn\/#organization"},"potentialAction":[{"@type":"SearchAction","target":{"@type":"EntryPoint","urlTemplate":"https:\/\/luonvuituoi.io.vn\/?s={search_term_string}"},"query-input":{"@type":"PropertyValueSpecification","valueRequired":true,"valueName":"search_term_string"}}],"inLanguage":"vi"},{"@type":"Organization","@id":"https:\/\/luonvuituoi.io.vn\/#organization","name":"Lu\u00f4n Vui T\u01b0\u01a1i","url":"https:\/\/luonvuituoi.io.vn\/","logo":{"@type":"ImageObject","inLanguage":"vi","@id":"https:\/\/luonvuituoi.io.vn\/#\/schema\/logo\/image\/","url":"https:\/\/luonvuituoi.io.vn\/wp-content\/uploads\/2026\/03\/image-removebg-preview-7.png","contentUrl":"https:\/\/luonvuituoi.io.vn\/wp-content\/uploads\/2026\/03\/image-removebg-preview-7.png","width":500,"height":500,"caption":"Lu\u00f4n Vui T\u01b0\u01a1i"},"image":{"@id":"https:\/\/luonvuituoi.io.vn\/#\/schema\/logo\/image\/"}}]}},"jetpack_sharing_enabled":true,"_links":{"self":[{"href":"https:\/\/luonvuituoi.io.vn\/index.php?rest_route=\/wp\/v2\/product\/306","targetHints":{"allow":["GET"]}}],"collection":[{"href":"https:\/\/luonvuituoi.io.vn\/index.php?rest_route=\/wp\/v2\/product"}],"about":[{"href":"https:\/\/luonvuituoi.io.vn\/index.php?rest_route=\/wp\/v2\/types\/product"}],"replies":[{"embeddable":true,"href":"https:\/\/luonvuituoi.io.vn\/index.php?rest_route=%2Fwp%2Fv2%2Fcomments&post=306"}],"wp:featuredmedia":[{"embeddable":true,"href":"https:\/\/luonvuituoi.io.vn\/index.php?rest_route=\/wp\/v2\/media\/202"}],"wp:attachment":[{"href":"https:\/\/luonvuituoi.io.vn\/index.php?rest_route=%2Fwp%2Fv2%2Fmedia&parent=306"}],"wp:term":[{"taxonomy":"product_brand","embeddable":true,"href":"https:\/\/luonvuituoi.io.vn\/index.php?rest_route=%2Fwp%2Fv2%2Fproduct_brand&post=306"},{"taxonomy":"product_cat","embeddable":true,"href":"https:\/\/luonvuituoi.io.vn\/index.php?rest_route=%2Fwp%2Fv2%2Fproduct_cat&post=306"},{"taxonomy":"product_tag","embeddable":true,"href":"https:\/\/luonvuituoi.io.vn\/index.php?rest_route=%2Fwp%2Fv2%2Fproduct_tag&post=306"}],"curies":[{"name":"wp","href":"https:\/\/api.w.org\/{rel}","templated":true}]}}